at is -30 + 391291?
391261
In base 7, what is 11352 + -6133?
2216
In base 5, what is -110104443 + -140?
-110110133
In base 8, what is -1004771653 + 0?
-1004771653
In base 10, what is 60572 + -205?
60367
In base 11, what is -9067467 + -5?
-9067471
In base 16, what is 28e77 - 5?
28e72
In base 2, what is -110100001101110 + -11101110101?
-110111111100011
In base 16, what is 2651 + -11a?
2537
In base 3, what is 201211121 - -21001?
202002122
In base 5, what is -1441440 + -20300?
-2012240
In base 14, what is 7 - 38673?
-3866a
In base 8, what is 2021 - 755062?
-753041
In base 8, what is 264 - -46276?
46562
In base 16, what is -19 - 30172?
-3018b
In base 8, what is -565326367 + -1?
-565326370
In base 8, what is -351662 + -152?
-352034
In base 9, what is 85822070 + -1?
85822068
In base 16, what is f16 - 1ad?
d69
In base 9, what is 3 - -16814245?
16814248
In base 6, what is 1545525414 - -5?
1545525423
In base 12, what is -50b040 - 1?
-50b041
In base 7, what is 2214300653 - -2?
2214300655
In base 12, what is -5 + 18258140?
18258137
In base 6, what is 111323 + -2410222?
-2254455
In base 12, what is 8b26b - -24?
8b293
In base 13, what is 33a6 + 1c38?
5311
In base 14, what is 175 - -4d0da?
4d271
In base 16, what is c - b18e2?
-b18d6
In base 14, what is -6c - 3a8dd?
-3a96b
In base 13, what is -26 + 5aa17?
5a9c1
In base 16, what is 751e + -1fc?
7322
In base 12, what is 2 + b93966?
b93968
In base 3, what is -1200022002202120 + 2?
-1200022002202111
In base 12, what is -3ab82 + -11?
-3ab93
In base 10, what is 689 - 11081?
-10392
In base 14, what is 386ac910 - -5?
386ac915
In base 10, what is -4225856 + 29?
-4225827
In base 15, what is 1588d + 52e?
15dbc
In base 14, what is -2a - 5654?
-5680
In base 5, what is 33134034 + -220?
33133314
In base 6, what is 13305020 - -5?
13305025
In base 8, what is -732544 - 20?
-732564
In base 13, what is -249a - c68?
-3435
In base 15, what is -1 + aadb0aa?
aadb0a9
In base 6, what is -315310150 - -1?
-315310145
In base 6, what is 3 + -1054035334?
-1054035331
In base 16, what is 2 - 3fb277?
-3fb275
In base 13, what is -8392c7b - -1?
-8392c7a
In base 3, what is -1002000021 + 1021000?
-1000202021
In base 14, what is -5 - bd3a71?
-bd3a76
In base 12, what is -2987227 + -7?
-2987232
In base 3, what is 221 - 112210022111100?
-112210022110102
In base 4, what is -103312100 + 0?
-103312100
In base 16, what is -4 + 245b4b?
245b47
In base 15, what is 7e70d5 - 58?
7e707c
In base 14, what is -2 + -a187ca2?
-a187ca4
In base 15, what is -34de - -5b?
-3483
In base 10, what is -13651 - 23894?
-37545
In base 8, what is -3 + 303436255?
303436252
In base 7, what is -145 + 210111334?
210111156
In base 10, what is 83382456 - 1?
83382455
In base 6, what is 103440524 - -430?
103441354
In base 3, what is -100210202220 - -22202?
-100210110011
In base 11, what is 9a176a08 - 4?
9a176a04
In base 13, what is 8893c61 + 0?
8893c61
In base 14, what is -9598a + -18?
-959a4
In base 12, what is 30 + 2106a2?
210712
In base 11, what is 751aa3 + -5?
751a99
In base 14, what is -29 - 33c76b8?
-33c7703
In base 16, what is -1de + 5917?
5739
In base 14, what is 72 + -190459?
-1903c7
In base 16, what is 1a775 + -81?
1a6f4
In base 3, what is -1102021 - -12010012111?
12001210020
In base 8, what is 15766476 + -11?
15766465
In base 13, what is -a91c - -186?
-a766
In base 3, what is 12 - -20111210021102?
20111210021121
In base 2, what is 111010001011 + 111011010000111?
1000010100010010
In base 3, what is 1211122210000000 - -12?
1211122210000012
In base 7, what is 31450 + 2121?
33601
In base 11, what is 4 + 44767a8?
4476801
In base 4, what is -222 - 131110220?
-131111102
In base 3, what is -11110210102211 + 101?
-11110210102110
In base 11, what is 125 - 281042?
-280a18
In base 15, what is 6 - 329740?
-329739
In base 7, what is 0 + 244233511?
244233511
In base 13, what is 12 - 42ab04?
-42aac2
In base 11, what is -19a6893 + 2?
-19a6891
In base 16, what is -138d79 + -1c?
-138d95
In base 8, what is 51230116 - 6?
51230110
In base 15, what is 1 - -265224?
265225
In base 12, what is 24505 - 238?
24289
In base 3, what is 1111101000112 + 10112?
1111101011001
In base 13, what is -1 - -1b95215?
1b95214
In base 13, what is 0 - -59c1bc?
59c1bc
In base 9, what is 30 - -100553147?
100553177
In base 11, what is -32a4791 + 33?
-32a4759
In base 7, what is 1460551056 - 6?
1460551050
In base 10, what is -31694 - 812?
-32506
In base 15, what is 21 - -20a81?
20aa2
In base 2, what is -101001111101101001011 - -1110111?
-101001111101011010100
In base 3, what is 1112121200201010101 - -2?
1112121200201010110
In base 9, what is 14023 - 4426?
8486
In base 6, what is -5 - 24455412?
-24455421
In base 2, what is -11011111 + -1101000100100?
-1101100000011
In base 3, what is -10100011111220100 - 1?
-10100011111220101
In base 15, what is 39ea + -13b?
38ae
In base 8, what is 376556054 - 1?
376556053
In base 7, what is 1262512624 + 3?
1262512630
In base 13, what is -2735973 + -5?
-2735978
In base 5, what is 33 - -102201112?
102201200
In base 4, what is 0 - 20303001201030?
-20303001201030
In base 6, what is 1 + 5002541455?
5002541500
In base 8, what is -43456 - -33223?
-10233
In base 7, what is -1126462606 + -10?
-1126462616
In base 13, what is -287 + 8b1b?
8864
In base 11, what is -86348 - -102?
-86246
In base 9, what is 453 - 47256?
-46703
In base 2, what is 1011 + -100000100111010110?
-100000100111001011
In base 9, what is 1105 - -4521?
5626
In base 2, what is -1010110000100011111001011001 - 11?
-1010110000100011111001011100
In base 11, what is 5 + -58398194?
-5839818a
In base 14, what is b5 + -168c9?
-16814
In base 16, what is 59615 + 2f?
59644
In base 15, what is 19443 - -102?
19545
In base 5, what is -13201030213 - 2?
-13201030220
In base 11, what is 5a06 + -8771?
-2866
In base 8, what is -60763 - 42352?
-123335
In base 14, what is a3c15c7 - 3?
a3c15c4
In base 8, what is 23647 - -43?
23712
In base 4, what is -13033 + 30213311?
30200212
In base 5, what is 10210 + -412001?
-401241
In base 2, what is 111110111001011111000110 + -1?
111110111001011111000101
In base 7, what is 0 + -25643032?
-25643032
In base 12, what is 645a + 11463?
17901
In base 6, what is -1154435 + 523?
-1153512
In base 3, what is -100 - 111121020002122?
-111121020002222
In base 16, what is 6bf2bd6 + -1?
6bf2bd5
In base 14, what is ccc0c9 + 0?
ccc0c9
In base 2, what is -11 + -1000110111011001101001?
-1000110111011001101100
In base 11, what is 7451 - 901?
6650
In base 9, what is 33028203 + -4?
33028188
In base 3, what is -10000020 - -1012010?
-1211010
In base 16, what is 95 + -41060?
-40fcb
In base 4, what is 2201121 - 203123220?
-200322033
In base 14, what is -32b437b + 0?
-32b437b
In base 16, what is -33bbe - -6e6?
-334d8
In base 7, what is -35 - -3212164?
3212126
In base 4, what is -1010130131313 - -201?
-1010130131112
In base 6, what is -220130 - 1521?
-222051
In base 12, what is 199 - 1235b4?
-123417
In base 14, what is -1 - -850b39?
850b38
In base 12, what is 541 - -2300b?
23550
In base 11, what is 1687629 + -1?
1687628
In base 15, what is 178a - -d6d4?
ee6e
In base 5, what is -10 + 10124123202?
10124123142
In base 3, what is -120001002021222 + -1?
-120001002022000
In base 13, what is -501 + -151a7?
-156a8
In base 4, what is -113322032022 + -3?
-113322032031
In base 15, what is 2a + 358aa8?
358ad3
In base 3, what is 1110212000 + 1020100110?
2201012110
In base 2, what is -11010 - -110010110010100000111110?
110010110010100000100100
In base 4, what is 3001 - 102313?
-33312
In base 11, what is -62404312 - 0?
-62404312
In base 7, what is -32061404 + 130?
-32061244
In base 15, what is 10be - -2074?
3143
In base 7, what is 2435335 - -345?
2436013
In base 9, what is 4482365 - 15?
4482350
In base 16, what is -3 - 974ab?
-974ae
In base 11, what is -5 + 11143721a?
111437215
In base 10, what is 2 + -33496?
-33494
In base 4, what is -10031301122 + -220?
-10031302002
In base 13, what is -2363 - 24625?
-26988
In base 2, what is -10001 - 110101101110101110101?
-110101101110110000110
In base 8, what is 34506652 - 36?
34506614
In base 8, what is 0 - -24053307?
24053307
In base 2, what is -101000 - -11001011001110110101100?
11001011001110110000100
In base 8, what is -10 + -6775417?
-6775427
In base 6, what is 1120 - 3405204?
-3404044
In base 11, what is -46